(base 13) in base 7?
-11410405
4b63c (base 13) to base 9
232283
10050776 (base 9) to base 14
8d5374
b4002 (base 15) to base 10
570377
Convert 1243202404 (base 5) to base 15.
413954
-101364 (base 10) to base 15
-20079
116851 (base 12) to base 8
1045075
Convert 23051011 (base 8) to base 15.
68bee2
What is -1022145 (base 7) in base 16?
-1e153
Convert -12183 (base 15) to base 14.
-17071
What is 33e45 (base 16) in base 11?
135767
Convert -10101001111010000 (base 2) to base 3.
-11102022221
-977b70 (base 13) to base 9
-6623785
1795014 (base 12) to base 6
253304024
What is -66405 (base 13) in base 8?
-551615
1042145540 (base 6) to base 2
101011001000000000100100
-200221010221 (base 3) to base 5
-43411000
-46972 (base 14) to base 6
-3404132
What is 12308 (base 9) in base 7?
33053
Convert -4889a8 (base 14) to base 15.
-340843
Convert -624014 (base 8) to base 7.
-1521043
What is 1072212 (base 8) in base 11?
18a405
What is -60630 (base 8) in base 12?
-12560
What is 47377 (base 11) in base 13?
25140
Convert -139330 (base 11) to base 6.
-4354125
340803 (base 10) to base 11
213061
Convert -124877 (base 10) to base 7.
-1030034
Convert -472222 (base 11) to base 8.
-2670063
What is -575667 (base 8) in base 4?
-233232313
Convert -1450214320 (base 6) to base 14.
-25c18c8
What is 3443541 (base 6) in base 14?
48789
Convert -17133246 (base 8) to base 6.
-221140530
24474 (base 8) to base 16
293c
-1134010224 (base 5) to base 4
-22010312202
-1446979 (base 10) to base 5
-332300404
Convert 1a1639 (base 12) to base 6.
13500113
What is -2b256 (base 13) in base 5?
-10103243
What is -438003 (base 10) in base 12?
-191583
-10b4148 (base 12) to base 13
-88a240
180512 (base 14) to base 5
204034043
What is -302033214 (base 5) in base 11?
-75372a
What is 1320011423 (base 5) in base 13?
8abba3
Convert f3a9 (base 16) to base 9.
104507
What is 1003151 (base 6) in base 14?
13399
Convert 97169 (base 15) to base 6.
14140130
Convert -a8246a (base 13) to base 15.
-52e551
1850420 (base 10) to base 12
752a18
106526 (base 14) to base 13
1659a7
What is -29ac6c (base 13) in base 4?
-3321323223
What is 4425334 (base 7) in base 12?
223141
Convert 3536132 (base 9) to base 15.
27c075
Convert -11001010110101000011 (base 2) to base 9.
-1505556
-477323 (base 8) to base 13
-5958c
What is 1853863 (base 13) in base 9?
15853521
30a50 (base 13) to base 6
1512450
What is 3d9e6 (base 16) in base 2?
111101100111100110
-20211343 (base 5) to base 13
-59473
What is -1406a62 (base 11) in base 14?
-471a85
What is 2b444 (base 16) in base 3?
100000002201
Convert -4754741 (base 8) to base 4.
-10331213201
3713218 (base 11) to base 13
1452a50
Convert -1211030212 (base 5) to base 11.
-166329a
What is 11213103020 (base 4) in base 13?
3c6b2a
d58b6 (base 15) to base 2
10100101010001101011
Convert -b67e3 (base 15) to base 12.
-23b029
-160a63 (base 11) to base 14
-6725a
What is 10001111101100001000111 (base 2) in base 10?
4708423
What is -d495 (base 15) in base 13?
-175a0
What is 950ce (base 15) in base 16?
73676
22302201001 (base 4) to base 11
1661a90
-134452030 (base 6) to base 15
-3930dc
What is -260798b (base 13) in base 9?
-24344464
What is -236057 (base 8) in base 6?
-1422423
Convert -2375027 (base 9) to base 3.
-2102112000221
What is -6343036 (base 7) in base 2?
-10111011001111111111
Convert -55440c (base 13) to base 12.
-80a576
-14775 (base 12) to base 14
-a693
-73a0310 (base 11) to base 8
-61552720
Convert -11122222200201 (base 3) to base 2.
-1001011101011011011010
Convert -c0cd2a (base 14) to base 16.
-63053a
1312131 (base 5) to base 13
ba47
What is 1c607 (base 15) in base 14?
259bc
What is -625b8e (base 15) in base 5?
-2144130414
Convert -a20784 (base 11) to base 15.
-226221
731667 (base 8) to base 2
111011001110110111
Convert 1c579 (base 15) to base 12.
45550
What is -103321333032 (base 4) in base 6?
-303502330
Convert 5644041 (base 8) to base 2.
101110100100000100001
5c16a (base 15) to base 16
47c3e
78aa83 (base 12) to base 6
105143043
What is -1a8e16 (base 16) in base 6?
-101144554
What is -10440033 (base 6) in base 16?
-4d355
What is -1360507 (base 8) in base 9?
-646537
220002101120 (base 4) to base 3
201202012112002
-213113021121 (base 4) to base 5
-10120142200
-526045 (base 7) to base 13
-32506
Convert 862a48 (base 11) to base 7.
14505562
Convert -22330300001 (base 4) to base 16.
-2bcc01
Convert 63409 (base 12) to base 6.
2442413
Convert -f255f (base 16) to base 14.
-1bba47
What is -11031322020 (base 4) in base 10?
-1367688
-110022002030 (base 4) to base 11
-2a89a29
-277345 (base 8) to base 4
-113323211
-120010202220 (base 3) to base 10
-297996
What is 1020564 (base 9) in base 4?
2011010002
Convert 146384 (base 9) to base 15.
1b9e1
Convert 1c6773 (base 15) to base 6.
45433400
Convert -200011220221 (base 3) to base 7.
-3020251
What is 4540251 (base 6) in base 7?
1650601
-2e759 (base 15) to base 4
-210222033
35130423 (base 6) to base 2
100001000110111101111
What is 501055 (base 9) in base 13?
a4981
-37d0d9 (base 14) to base 5
-442340442
-120120210120 (base 3) to base 13
-a9821
-10200121020010 (base 3) to base 2
-111011110100111111110
What is -11001000110110110010101 (base 2) in base 13?
-1495990
300003213 (base 4) to base 6
4115143
2746454 (base 8) to base 13
21105b
-10a544 (base 12) to base 5
-32020014
Convert -241220022 (base 5) to base 13.
-3014a5
What is 3302330111 (base 4) in base 15?
149c98
4804574 (base 11) to base 3
120202210002220
Convert 138143 (base 11) to base 12.
a4a66
What is 281cf (base 16) in base 9?
270338
What is -42437a1 (base 12) in base 5?
-11201441412
Convert -504088 (base 12) to base 9.
-2316255
What is -dda1d8 (base 14) in base 8?
-34535342
-116218 (base 15) to base 14
-178a55
2139859 (base 11) to base 5
1430323412
-12135 (base 11) to base 10
-17462
5a641 (base 15) to base 13
a12ab
What is -1222022113 (base 4) in base 11?
-277779
What is 100111001000000000 (base 2) in base 6?
3233532
Convert 100001110100110101 (base 2) to base 11.
95104
Convert -8672a74 (base 11) to base 14.
-204bbb4
What is -22869 (base 14) in base 13?
-2c2c1
What is 202101102 (base 3) in base 12?
8725
Convert 96b713 (base 12) to base 4.
21012000333
What is 1553260 (base 11) in base 3?
11222212001020
What is 103241652 (base 7) in base 6?
340022040
-20789a (base 16) to base 10
-2128026
1636114 (base 9) to base 3
1201020010111
Convert -31534143 (base 6) to base 16.
-e316f
What is -486751 (base 9) in base 12?
-121b47
What is 1000011101000001110 (base 2) in base 10?
277006
-96f0 (base 16) to base 5
-2214030
What is -33bb87 (base 12) in base 13?
-23068c
Convert 545242 (base 6) to base 5.
2421432
-83a5f (base 16) to base 10
-539231
6336467 (base 8) to base 13
470a3b
Convert 20150 (base 7) to base 15.
16ab
22200220221010 (base 3) to base 6
243035220
Convert 1660176 (base 9) to base 11.
582178
Convert -37eaa5 (base 15) to base 11.
-1572163
21320111001 (base 4) to base 9
4776746
Convert 12003140 (base 5) to base 13.
3ac8a
What is 323042343 (base 5) in base 4?
11100120320
What is -32311001 (base 4) in base 5?
-3420422
What is 42581 (base 11) in base 7?
345345
Convert -3c73 (base 14) to base 15.
-3275
Convert 1557657 (base 8) to base 5.
103403404
Convert -2034112 (base 8) to base 7.
-4402356
-14113125 (base 6) to base 8
-1642255
Convert -2654b (base 14) to base 4.
-113002013
Convert -365570 (base 10) to base 11.
-22a727
Convert 5290a (base 14) to base 12.
9743a
Convert -2806 (base 10) to base 11.
-2121
-91533 (base 13) to base 15
-52123
16594 (base 14) to base 2
1101101010110110
What is 35182 (base 11) in base 7?
301034
Convert -24524243 (base 6) to base 8.
-3004703
10e3e (base 16) to base 14
1b2d8
What is 7b9577 (base 16) in base 9?
16214001
Convert 2054171 (base 9) to base 11.
690562
What is -373000 (base 12) in base 7?
-10423446
Convert -6542498 (base 10) to base 13.
-1480c01
What is 41757b (base 16) in base 14?
7d9547
Convert -211122212212 (base 3) to base 16.
-6ce6f
What is -1253225 (base 9) in base 15?
-d7d2b
Convert 3412420 (base 5) to base 3.
10001210120
What is -b325 (base 13) in base 10?
-24705
What is -377777 (base 8) in base 7?
-1054063
What is 410243104 (base 5) in base 3?
10002211001221
11100011110100000111 (base 2) to base 3
1202102000021
25022152 (base 7) to base 14
424929
What is 12222021032 (base 4) in bas